{"id":600,"date":"2020-05-13T11:37:41","date_gmt":"2020-05-13T09:37:41","guid":{"rendered":"https:\/\/sucurriculum.com\/noticias\/?page_id=600"},"modified":"2020-05-13T16:12:53","modified_gmt":"2020-05-13T14:12:53","slug":"pack-50-boligrafos-personalizados-con-tu-nombre-y-curriculum-vitae","status":"publish","type":"page","link":"https:\/\/sucurriculum.com\/noticias\/pack-50-boligrafos-personalizados-con-tu-nombre-y-curriculum-vitae\/","title":{"rendered":"Pack 50 Bol\u00edgrafos Personalizados con tu Nombre y Curr\u00edculum Vitae"},"content":{"rendered":"\n<div class=\"wp-block-image\"><figure class=\"aligncenter size-large\"><img loading=\"lazy\" decoding=\"async\" width=\"1024\" height=\"213\" src=\"https:\/\/sucurriculum.com\/noticias\/wp-content\/uploads\/2020\/05\/boligrafo-1024x213.jpg\" alt=\"\" class=\"wp-image-922\" srcset=\"https:\/\/sucurriculum.com\/noticias\/wp-content\/uploads\/2020\/05\/boligrafo-1024x213.jpg 1024w, https:\/\/sucurriculum.com\/noticias\/wp-content\/uploads\/2020\/05\/boligrafo-300x63.jpg 300w, https:\/\/sucurriculum.com\/noticias\/wp-content\/uploads\/2020\/05\/boligrafo-768x160.jpg 768w, https:\/\/sucurriculum.com\/noticias\/wp-content\/uploads\/2020\/05\/boligrafo-700x146.jpg 700w, https:\/\/sucurriculum.com\/noticias\/wp-content\/uploads\/2020\/05\/boligrafo-410x85.jpg 410w, https:\/\/sucurriculum.com\/noticias\/wp-content\/uploads\/2020\/05\/boligrafo-100x21.jpg 100w, https:\/\/sucurriculum.com\/noticias\/wp-content\/uploads\/2020\/05\/boligrafo-275x57.jpg 275w, https:\/\/sucurriculum.com\/noticias\/wp-content\/uploads\/2020\/05\/boligrafo.jpg 1200w\" sizes=\"auto, (max-width: 1024px) 100vw, 1024px\" \/><figcaption>Ejemplo bol\u00edgrafo personalizado con nombre y url del curriculum vitae<\/figcaption><\/figure><\/div>\n\n\n\n<p>Hemos confeccionado un <strong>pack de 50 elegantes bol\u00edgrafos <\/strong>con los que sorprender en tus entrevista de trabajo. Obsequiar a los reclutadores o entrevistadores con un exclusivo bol\u00edgrafo sin duda puede conseguir un efecto singular que te haga <strong>destacar sobre el resto de candidatos<\/strong>, sin duda es la mejor forma de invertir en ti mismo, nadie espera un peque\u00f1o obsequio por parte de un candidato en una entrevista, es un detalle que denota tu inter\u00e9s,  originalidad y creatividad. Los bol\u00edgrafos quedar\u00e1n <strong>personalizados con tu nombre y la direcci\u00f3n url de tu curriculum vitae<\/strong>. <\/p>\n\n\n\n<p>Te dar\u00e1 un <strong>plus sobre el resto de candidatos<\/strong>, vas a destacar sin duda alguna y ten por seguro que tu Curriculum Vitae lo van a tener <strong>siempre muy a mano, y nunca mejor dicho&#8230;<\/strong><\/p>\n\n\n\n<p>Para obtener o consultar la direcci\u00f3n de tu curriculum entra en <a rel=\"noreferrer noopener\" href=\"https:\/\/sucurriculum.es\" target=\"_blank\"><strong>https:\/\/sucurriculum.es<\/strong><\/a> donde puedes darte de alta de forma gratuita si a\u00fan no lo has hecho. Aparte de tener tu curriculum online con una URL \u00fanica, podr\u00e1s optar a las ofertas de empleo que nos mandan las empresas. <\/p>\n\n\n\n<p><strong>Tu Curriculum Vitae en: <a rel=\"noreferrer noopener\" href=\"https:\/\/sucurriculum.es\/\" target=\"_blank\">https:\/\/sucurriculum.es<\/a><\/strong><\/p>\n\n\n\n<p>Es un <strong>bol\u00edgrafo multifuncional &#8216;2 en 1&#8217; <\/strong>con un pr\u00e1ctico <strong>puntero touch <\/strong>de silicona integrado para usar en pantallas t\u00e1ctiles. Su <strong>elegante dise\u00f1o<\/strong> y <strong>detalles cromados<\/strong> asegurar\u00e1n que ser\u00e1 apreciado por los destinatarios. Gama de <strong>brillantes colores<\/strong> dado que se env\u00eda en <strong>colores surtidos<\/strong> y  <strong>personalizaci\u00f3n l\u00e1ser<\/strong> da como resultado un bol\u00edgrafo personalizado de la m\u00e1s <strong>alta calidad<\/strong>. Terminaciones en metal.<\/p>\n\n\n\n<p><strong>Colores del surtido: <\/strong> Azul, Burdeos, Surtido, Negro, Azul Claro, Rojo, Morado, Gris Antracita, Azul Oc\u00e9ano, Verde (<strong><em>los colores enviados dependen de la disponibilidad<\/em><\/strong>) <\/p>\n\n\n\n<div class=\"wp-block-image\"><figure class=\"aligncenter size-large is-resized\"><img loading=\"lazy\" decoding=\"async\" src=\"https:\/\/sucurriculum.com\/noticias\/wp-content\/uploads\/2020\/05\/preview-1024x1024.jpeg\" alt=\"Ejemplo Colores\" class=\"wp-image-923\" width=\"370\" height=\"370\" srcset=\"https:\/\/sucurriculum.com\/noticias\/wp-content\/uploads\/2020\/05\/preview-1024x1024.jpeg 1024w, https:\/\/sucurriculum.com\/noticias\/wp-content\/uploads\/2020\/05\/preview-300x300.jpeg 300w, https:\/\/sucurriculum.com\/noticias\/wp-content\/uploads\/2020\/05\/preview-150x150.jpeg 150w, https:\/\/sucurriculum.com\/noticias\/wp-content\/uploads\/2020\/05\/preview-768x768.jpeg 768w, https:\/\/sucurriculum.com\/noticias\/wp-content\/uploads\/2020\/05\/preview-700x700.jpeg 700w, https:\/\/sucurriculum.com\/noticias\/wp-content\/uploads\/2020\/05\/preview-410x410.jpeg 410w, https:\/\/sucurriculum.com\/noticias\/wp-content\/uploads\/2020\/05\/preview-100x100.jpeg 100w, https:\/\/sucurriculum.com\/noticias\/wp-content\/uploads\/2020\/05\/preview-275x275.jpeg 275w, https:\/\/sucurriculum.com\/noticias\/wp-content\/uploads\/2020\/05\/preview.jpeg 1200w\" sizes=\"auto, (max-width: 370px) 100vw, 370px\" \/><figcaption>Ejemplo Colores Variados&#8230; los bol\u00edgrafos se sirven en surtido de colores diferentes en funci\u00f3n de la disponibilidad<\/figcaption><\/figure><\/div>\n\n\n\n<h2 class=\"wp-block-heading\">Condiciones de Venta:<\/h2>\n\n\n\n<p class=\"has-text-align-center\">El pack se compone de 50 bol\u00edgrafos de colores variados (<em>dependiendo de disponibilidad<\/em>), personalizados en l\u00e1ser con su nombre y la direcci\u00f3n url de su curriculum vitae.  La tinta de escritura es de color negra.<\/p>\n\n\n\n<p class=\"has-text-align-center\"><strong>PRECIO 75\u20ac (IVA Y GASTOS DE ENV\u00cdO INCLUIDOS) <\/strong><\/p>\n\n\n\n<p class=\"has-text-align-center\"><em>Los pedidos se entregan entre 10 y 15 d\u00edas laborales, es un producto exclusivo<b>. AL SER UN PRODUCTO PERSONALIZADO NO SE ADMITEN DEVOLUCIONES<\/b><\/em><\/p>\n\n\n\n<div class=\"forminator-guttenberg\"><div class=\"forminator-ui forminator-custom-form forminator-custom-form-599 forminator-design--default  forminator_ajax\" data-forminator-render=\"0\" data-form=\"forminator-module-599\" data-uid=\"6a081aa3bcb2d\"><br\/><\/div><form\n\t\t\t\tid=\"forminator-module-599\"\n\t\t\t\tclass=\"forminator-ui forminator-custom-form forminator-custom-form-599 forminator-design--default  forminator_ajax\"\n\t\t\t\tmethod=\"post\"\n\t\t\t\tdata-forminator-render=\"0\"\n\t\t\t\tdata-form-id=\"599\"\n\t\t\t\t data-color-option=\"default\" data-design=\"default\" data-grid=\"open\" style=\"display: none;\"\n\t\t\t\tdata-uid=\"6a081aa3bcb2d\"\n\t\t\t><div role=\"alert\" aria-live=\"polite\" class=\"forminator-response-message forminator-error\" aria-hidden=\"true\"><\/div><div class=\"forminator-row\"><div id=\"text-1\" class=\"forminator-field-text forminator-col forminator-col-12 \"><div class=\"forminator-field\"><label for=\"forminator-field-text-1_6a081aa3bcb2d\" id=\"forminator-field-text-1_6a081aa3bcb2d-label\" class=\"forminator-label\">Nombre a grabar <span class=\"forminator-required\">*<\/span><\/label><input type=\"text\" name=\"text-1\" value=\"\" placeholder=\"\" id=\"forminator-field-text-1_6a081aa3bcb2d\" class=\"forminator-input forminator-name--field\" data-required=\"1\" maxlength=\"40\" aria-describedby=\"forminator-field-text-1_6a081aa3bcb2d-description\" \/><span id=\"forminator-field-text-1_6a081aa3bcb2d-description\" class=\"forminator-description\">Nombre a Grabar en el bol\u00edgrafo<span data-limit=\"40\" data-type=\"characters\">0 \/ 40<\/span><\/span><\/div><\/div><\/div><div class=\"forminator-row\"><div id=\"url-1\" class=\"forminator-field-url forminator-col forminator-col-12 \"><div class=\"forminator-field\"><label for=\"forminator-field-url-1_6a081aa3bcb2d\" id=\"forminator-field-url-1_6a081aa3bcb2d-label\" class=\"forminator-label\">URL Curriculum <span class=\"forminator-required\">*<\/span><\/label><input type=\"url\" name=\"url-1\" value=\"\" placeholder=\"https:\/\/sucurriculum.es\/jjjjjiiiiuuu.cv\" id=\"forminator-field-url-1_6a081aa3bcb2d\" class=\"forminator-input forminator-website--field\" data-required=\"1\" aria-required=\"true\" aria-describedby=\"forminator-field-url-1_6a081aa3bcb2d-description\" \/><span id=\"forminator-field-url-1_6a081aa3bcb2d-description\" class=\"forminator-description\">Introduzaca la direcci\u00f3n url de su curriculum. Si a\u00fan no lo tiene entre en https:\/\/sucurriculum.es<\/span><\/div><\/div><\/div><div class=\"forminator-row\"><div id=\"name-1\" class=\"forminator-field-name forminator-col forminator-col-12 \"><div class=\"forminator-field\"><label for=\"forminator-field-name-1_6a081aa3bcb2d\" id=\"forminator-field-name-1_6a081aa3bcb2d-label\" class=\"forminator-label\">Nombre Completo <span class=\"forminator-required\">*<\/span><\/label><input type=\"text\" name=\"name-1\" value=\"\" placeholder=\"Nombre Completo\" id=\"forminator-field-name-1_6a081aa3bcb2d\" class=\"forminator-input forminator-name--field\" aria-required=\"true\" autocomplete=\"name\" aria-describedby=\"forminator-field-name-1_6a081aa3bcb2d-description\" \/><span id=\"forminator-field-name-1_6a081aa3bcb2d-description\" class=\"forminator-description\">Nombre Completo a afectos del pedido<\/span><\/div><\/div><\/div><div class=\"forminator-row\"><div id=\"email-1\" class=\"forminator-field-email forminator-col forminator-col-12 \"><div class=\"forminator-field\"><label for=\"forminator-field-email-1_6a081aa3bcb2d\" id=\"forminator-field-email-1_6a081aa3bcb2d-label\" class=\"forminator-label\">Correo Electr\u00f3nico <span class=\"forminator-required\">*<\/span><\/label><input type=\"email\" name=\"email-1\" value=\"\" placeholder=\"Su Correo\" id=\"forminator-field-email-1_6a081aa3bcb2d\" class=\"forminator-input forminator-email--field\" data-required=\"1\" aria-required=\"true\" autocomplete=\"email\" \/><\/div><\/div><\/div><div class=\"forminator-row\"><div id=\"phone-1\" class=\"forminator-field-phone forminator-col forminator-col-12 \"><div class=\"forminator-field\"><label for=\"forminator-field-phone-1_6a081aa3bcb2d\" id=\"forminator-field-phone-1_6a081aa3bcb2d-label\" class=\"forminator-label\">Tel\u00e9fono de contacto <span class=\"forminator-required\">*<\/span><\/label><input type=\"text\" name=\"phone-1\" value=\"\" placeholder=\"Tel\u00e9fono\" id=\"forminator-field-phone-1_6a081aa3bcb2d\" class=\"forminator-input forminator-field--phone\" data-required=\"1\" aria-required=\"true\" autocomplete=\"off\" aria-describedby=\"forminator-field-phone-1_6a081aa3bcb2d-description\" \/><span id=\"forminator-field-phone-1_6a081aa3bcb2d-description\" class=\"forminator-description\" id=\"forminator-field-phone-1_6a081aa3bcb2d-description\">Incluya un tel\u00e9fono de contacto<\/span><\/div><\/div><\/div><div class=\"forminator-row\"><div id=\"address-1\" class=\"forminator-field-address forminator-col forminator-col-12 \"><div class=\"forminator-row\"><div id=\"address-1-street_address\" class=\"forminator-col\"><div class=\"forminator-field\"><label for=\"forminator-field-address-1-street_address_6a081aa3bcb2d\" id=\"forminator-field-address-1-street_address_6a081aa3bcb2d-label\" class=\"forminator-label\">Direcci\u00f3n Completa <span class=\"forminator-required\">*<\/span><\/label><input type=\"text\" name=\"address-1-street_address\" placeholder=\"Direcci\u00f3n Completa\" id=\"forminator-field-address-1-street_address_6a081aa3bcb2d\" class=\"forminator-input\" data-required=\"1\" aria-required=\"true\" autocomplete=\"address-line1\" value=\"\" \/><\/div><\/div><\/div><div class=\"forminator-row\" data-multiple=\"true\"><div id=\"address-1-city\" class=\"forminator-col forminator-col-6\"><div class=\"forminator-field\"><label for=\"forminator-field-address-1-city_6a081aa3bcb2d\" id=\"forminator-field-address-1-city_6a081aa3bcb2d-label\" class=\"forminator-label\">Localidad <span class=\"forminator-required\">*<\/span><\/label><input type=\"text\" name=\"address-1-city\" placeholder=\"Localidad\" id=\"forminator-field-address-1-city_6a081aa3bcb2d\" class=\"forminator-input\" data-required=\"1\" aria-required=\"true\" autocomplete=\"address-level2\" value=\"\" \/><\/div><\/div><div id=\"address-1-state\" class=\"forminator-col forminator-col-6\"><div class=\"forminator-field\"><label for=\"forminator-field-address-1-state_6a081aa3bcb2d\" id=\"forminator-field-address-1-state_6a081aa3bcb2d-label\" class=\"forminator-label\">Provincia <span class=\"forminator-required\">*<\/span><\/label><input type=\"text\" name=\"address-1-state\" placeholder=\"Provincia\" id=\"forminator-field-address-1-state_6a081aa3bcb2d\" class=\"forminator-input\" data-required=\"1\" aria-required=\"true\" autocomplete=\"address-level1\" value=\"\" \/><\/div><\/div><\/div><div class=\"forminator-row\" data-multiple=\"false\"><div id=\"address-1-zip\" class=\"forminator-col forminator-col-12\"><div class=\"forminator-field\"><label for=\"forminator-field-address-1-zip_6a081aa3bcb2d\" id=\"forminator-field-address-1-zip_6a081aa3bcb2d-label\" class=\"forminator-label\">C\u00f3digo Postal <span class=\"forminator-required\">*<\/span><\/label><input type=\"text\" name=\"address-1-zip\" placeholder=\"CP\" id=\"forminator-field-address-1-zip_6a081aa3bcb2d\" class=\"forminator-input\" autocomplete=\"postal-code\" value=\"\" \/><\/div><\/div><\/div><\/div><\/div><div class=\"forminator-row\"><div id=\"gdprcheckbox-1\" class=\"forminator-field-gdprcheckbox forminator-col forminator-col-12 \"><div class=\"forminator-field\"><label for=\"forminator-field-gdprcheckbox-1_6a081aa3bcb2d\" id=\"forminator-field-gdprcheckbox-1_6a081aa3bcb2d-label\" class=\"forminator-label\">Protecci\u00f3n de datos <span class=\"forminator-required\">*<\/span><\/label><label for=\"forminator-field-gdprcheckbox-1_6a081aa3bcb2d\" class=\"forminator-checkbox\"><input type=\"checkbox\" name=\"gdprcheckbox-1\" value=\"true\" id=\"forminator-field-gdprcheckbox-1_6a081aa3bcb2d\" data-required=\"true\" aria-required=\"true\" \/><span class=\"forminator-checkbox-box\" aria-hidden=\"true\"><\/span><span class=\"forminator-checkbox-label\"><p><strong>Si, Acepto<\/strong> la <a href=\"https:\/\/sucurriculum.com\/noticias\/politica-de-proteccion-de-datos\/\">Pol\u00edtica de Privacidad,<\/a>\u00a0<a href=\"https:\/\/sucurriculum.com\/noticias\/aviso-legal\/\">Terminos Legales<\/a> y condiciones<\/p><\/span><\/label><\/div><\/div><\/div><div class=\"forminator-row\"><div id=\"stripe-1\" class=\"forminator-field-stripe forminator-col forminator-col-12 \"><div class=\"forminator-field\"><label for=\"stripe-1-field\" id=\"stripe-1-field-label\" class=\"forminator-label\">Su tarjeta <span class=\"forminator-required\">*<\/span><\/label><div id=\"card-element-6a081aa3bcb2d\" data-field-id=\"6a081aa3bcb2d\" data-is-payment=\"true\" data-payment-type=\"stripe\" data-is-ocs=\"\" data-secret=\"\" data-paymentid=\"\" data-currency=\"eur\" data-key=\"pk_live_YsbmqMTTE3KvIoKnyy51iw1M00xFNmQJH0\" data-card-icon=\"1\" data-veify-zip=\"\" data-zip-field=\"\" data-language=\"auto\" data-base-class=\"StripeElement\" data-complete-class=\"StripeElement--complete\" data-empty-class=\"StripeElement--empty\" data-focused-class=\"StripeElement--focus\" data-invalid-class=\"StripeElement--invalid\" data-autofilled-class=\"StripeElement--webkit-autofill\" data-billing=\"1\" data-billing-name=\"name-1\" data-billing-email=\"email-1\" data-billing-address=\"address-1\" data-receipt=\"\" data-receipt-email=\"\" data-custom-fonts=\"\" data-placeholder=\"#888888\" data-font-color=\"#000000\" data-font-color-focus=\"#000000\" data-font-color-error=\"#000000\" data-font-size=\"16px\" data-font-family=\"inherit\" data-font-weight=\"400\" data-icon-color=\"#777771\" data-icon-color-hover=\"#097BAA\" data-icon-color-focus=\"#097BAA\" data-icon-color-error=\"#E51919\" aria-describedby=\"card-element-6a081aa3bcb2d-description\" class=\"forminator-stripe-element\"><\/div><input type=\"hidden\" name=\"paymentid\" value=\"\" id=\"forminator-stripe-paymentid\"\/><input type=\"hidden\" name=\"paymentmethod\" value=\"\" id=\"forminator-stripe-paymentmethod\"\/><input type=\"hidden\" name=\"subscriptionid\" value=\"\" id=\"forminator-stripe-subscriptionid\"\/><span class=\"forminator-card-message\"><span class=\"forminator-error-message\" aria-hidden=\"true\"><\/span><\/span><span id=\"card-element-6a081aa3bcb2d-description\" class=\"forminator-description\">Introducca su tarjeta para el pago<\/span><\/div><\/div><\/div><input type=\"hidden\" name=\"referer_url\" value=\"\" \/><div class=\"forminator-row forminator-row-last\"><div class=\"forminator-col\"><div class=\"forminator-field\"><button class=\"forminator-button forminator-button-submit\">Comprar<\/button><\/div><\/div><\/div><input type=\"hidden\" id=\"forminator_nonce\" name=\"forminator_nonce\" value=\"f0748af96d\" \/><input type=\"hidden\" name=\"_wp_http_referer\" value=\"\/noticias\/wp-json\/wp\/v2\/pages\/600\" \/><input type=\"hidden\" name=\"form_id\" value=\"599\"><input type=\"hidden\" name=\"page_id\" value=\"600\"><input type=\"hidden\" name=\"form_type\" value=\"default\"><input type=\"hidden\" name=\"current_url\" value=\"https:\/\/sucurriculum.com\/noticias\/pack-50-boligrafos-personalizados-con-tu-nombre-y-curriculum-vitae\/\"><input type=\"hidden\" name=\"render_id\" value=\"0\"><input type=\"hidden\" name=\"action\" value=\"forminator_submit_form_custom-forms\"><\/form><\/div>\n","protected":false},"excerpt":{"rendered":"<p>Hemos confeccionado un pack de 50 elegantes bol&iacute;grafos con los que sorprender en tus entrevista de trabajo. Obsequiar a los reclutadores o entrevistadores con un exclusivo bol&iacute;grafo sin duda puede conseguir un efecto singular que te haga destacar sobre el resto de candidatos, sin duda es la mejor forma de invertir en ti mismo, nadie [&hellip;]<\/p>\n","protected":false},"author":1,"featured_media":956,"parent":0,"menu_order":0,"comment_status":"closed","ping_status":"closed","template":"page-templates\/page_fullwidth.php","meta":{"footnotes":""},"class_list":["post-600","page","type-page","status-publish","has-post-thumbnail","hentry"],"amp_enabled":true,"_links":{"self":[{"href":"https:\/\/sucurriculum.com\/noticias\/wp-json\/wp\/v2\/pages\/600","targetHints":{"allow":["GET"]}}],"collection":[{"href":"https:\/\/sucurriculum.com\/noticias\/wp-json\/wp\/v2\/pages"}],"about":[{"href":"https:\/\/sucurriculum.com\/noticias\/wp-json\/wp\/v2\/types\/page"}],"author":[{"embeddable":true,"href":"https:\/\/sucurriculum.com\/noticias\/wp-json\/wp\/v2\/users\/1"}],"replies":[{"embeddable":true,"href":"https:\/\/sucurriculum.com\/noticias\/wp-json\/wp\/v2\/comments?post=600"}],"version-history":[{"count":25,"href":"https:\/\/sucurriculum.com\/noticias\/wp-json\/wp\/v2\/pages\/600\/revisions"}],"predecessor-version":[{"id":957,"href":"https:\/\/sucurriculum.com\/noticias\/wp-json\/wp\/v2\/pages\/600\/revisions\/957"}],"wp:featuredmedia":[{"embeddable":true,"href":"https:\/\/sucurriculum.com\/noticias\/wp-json\/wp\/v2\/media\/956"}],"wp:attachment":[{"href":"https:\/\/sucurriculum.com\/noticias\/wp-json\/wp\/v2\/media?parent=600"}],"curies":[{"name":"wp","href":"https:\/\/api.w.org\/{rel}","templated":true}]}}