{"id":38,"date":"2020-03-27T11:03:24","date_gmt":"2020-03-27T10:03:24","guid":{"rendered":"http:\/\/host.sucurriculum.com\/noticias\/?page_id=38"},"modified":"2020-03-27T11:03:25","modified_gmt":"2020-03-27T10:03:25","slug":"politica-de-cookies","status":"publish","type":"page","link":"https:\/\/sucurriculum.com\/noticias\/politica-de-cookies\/","title":{"rendered":"Pol\u00edtica de Cookies"},"content":{"rendered":"\n<h2 class=\"wp-block-heading\">\u00bfQu\u00e9 son las&nbsp;<em>cookies<\/em>?<\/h2>\n\n\n\n<p>Las cookies son peque\u00f1os archivos que se instalan en el terminal del USUARIO al visitar un sitio web con la finalidad de almacenar datos que podr\u00e1n ser actualizados y recuperados por la entidad responsable de su instalaci\u00f3n.<br>Si el USUARIO no se registra ni deja informaci\u00f3n personal en el sitio, el servidor tendr\u00e1 conocimiento de que alguien con esa cookie regres\u00f3 al sitio web pero le ser\u00e1 imposible asociar la navegaci\u00f3n a un USUARIO concreto e identificado.<\/p>\n\n\n\n<p><strong>\u00bfQu\u00e9 clases de Cookies existen?<\/strong><br>Las cookies, en funci\u00f3n de su caducidad, pueden pueden clasificarse en&nbsp;<strong>cookies de sesi\u00f3n o permanentes<\/strong>. Las primeras expiran cuando el usuario cierra el navegador mientras que las segundas permanecen por un tiempo superior durante el cual los datos siguen almacenados en el terminal y pueden ser accedidos y tratados.<\/p>\n\n\n\n<p><br>Tambi\u00e9n se pueden distinguir seg\u00fan la entidad que gestione el equipo o dominio desde donde se env\u00edan las cookies y se traten los datos que se obtengan.<\/p>\n\n\n\n<ul class=\"wp-block-list\"><li><strong>Cookies propias.&nbsp;<\/strong>Son aqu\u00e9llas que se env\u00edan al equipo terminal del usuario desde un equipo o dominio gestionado por el propio editor y desde el que se presta el servicio solicitado por el propio usuario.<\/li><li><strong>Cookies de tercero.<\/strong>&nbsp;Son aqu\u00e9lla que son enviadas al equipo terminal del usuario desde un equipo o domino que no es gestionado por el editor, sino por otra entidad que trata los datos obtenidos a trav\u00e9s de las cookies.<br><\/li><\/ul>\n\n\n\n<p>En funci\u00f3n de su objetivo podemos hablar de:<\/p>\n\n\n\n<p><strong>Cookies t\u00e9cnicas.<\/strong>&nbsp;Permiten al usuario la navegaci\u00f3n a trav\u00e9s de una p\u00e1gina web, plataforma o aplicaci\u00f3n y la utilizaci\u00f3n de las diferentes opciones o servicios que en ella existan como, por ejemplo, controlar el tr\u00e1fico y la comunicaci\u00f3n de datos, identificar la sesi\u00f3n o realizar el proceso de compra de un pedido.<\/p>\n\n\n\n<p><strong>Cookies de personalizaci\u00f3n.&nbsp;<\/strong>Permiten al usuario acceder al servicio con algunas caracter\u00edsticas de car\u00e1cter general predefinidas en funci\u00f3n de una serie de criterios en el terminal del usuario como por ejemplo el idioma o el tipo de navegador.<\/p>\n\n\n\n<p><strong>Cookies anal\u00edticas.<\/strong>&nbsp;Permiten al responsable de las mismas, el seguimiento y an\u00e1lisis del comportamiento de los usuarios de los sitios web a los que est\u00e1n vinculadas. La informaci\u00f3n recabada se utiliza en la medici\u00f3n de la actividad de los sitios web, aplicaci\u00f3n o plataforma y para la elaboraci\u00f3n de perfiles de navegaci\u00f3n de los usuarios de dichos sitios, aplicaciones y plataformas, con el fin de introducir mejoras en funci\u00f3n del an\u00e1lisis de los datos que hacen los usuarios del servicio.<\/p>\n\n\n\n<p><strong>Cookies publicitarias.<\/strong>&nbsp;Permiten la gesti\u00f3n, de la forma m\u00e1s eficaz posible de los espacios publicitarios que, en su caso, el editor haya incluido en una p\u00e1gina web, aplicaci\u00f3n o plataforma desde la que presta el servicio solicitado en base a criterios como el contenido editado o la frecuencia en la que se muestran los anuncios.<\/p>\n\n\n\n<p><strong>Cookies de publicidad \u00f3 comportamental:<\/strong>&nbsp;Permiten la gesti\u00f3n, de la forma m\u00e1s eficaz posible, de los espacios publicitarios que, en su caso, el editor haya incluido en una p\u00e1gina web, aplicaci\u00f3n o plataforma desde la que presta el servicio solicitado. Almacenan informaci\u00f3n del comportamiento de los usuarios obtenida a trav\u00e9s de la observaci\u00f3n continuada de sus h\u00e1bitos de navegaci\u00f3n, lo que permite desarrollar un perfil espec\u00edfico para mostrar publicidad en funci\u00f3n del mismo.<\/p>\n\n\n\n<p>Los anuncios personalizados llegan a los usuarios seg\u00fan sus intereses, datos demogr\u00e1ficos y otros criterios. Dado que los proveedores de tecnolog\u00eda publicitaria pueden recoger, recibir y usar datos personales de los usuarios para mostrarles anuncios personalizados. Son cookies de terceras empresas o instituciones que se crean a partir de los anuncios instaurados en la web<\/p>\n\n\n\n<p><strong>\u00bfQu\u00e9 Cookies usa el sitio Web de sucurriculum.com?<\/strong><br>Se instala a trav\u00e9s de este sitio web las cookies que a continuaci\u00f3n se describen:<\/p>\n\n\n\n<figure class=\"wp-block-table\"><table class=\"\"><tbody><tr><td><strong>NOMBRE<\/strong><\/td><td><strong>SERVIDOR ENV\u00cdO<\/strong><\/td><td><strong>FINALIDAD<\/strong><\/td><td><strong>CADUCIDAD<\/strong><\/td><\/tr><tr><td>_gat<\/td><td>sucurriculum.com<\/td><td>Se usa para diferenciar entre los diferentes objetos de seguimiento creados en la sesi\u00f3n.<\/td><td>1 d\u00eda<\/td><\/tr><tr><td>_ga<\/td><td>sucurriculum.com<\/td><td>Se usa para diferenciar entre usuarios y sesiones.<\/td><td>2 a\u00f1os<\/td><\/tr><tr><td>_gid<\/td><td>sucurriculum.com<\/td><td>Se utiliza para distinguir a los usuarios<\/td><td>2 d\u00edas<\/td><\/tr><tr><td>mails<\/td><td>sucurriculum.com<\/td><td>Marcar al visita si esta dada de alta en las alertas<\/td><td>10 d\u00edas<\/td><\/tr><tr><td>user_ref<\/td><td>sucurriculum.com<\/td><td>Marca la visita como a\u00f1adida al bot facebook<\/td><td>1 a\u00f1o<\/td><\/tr><tr><td>sucurriculum<\/td><td>sucurriculum.com<\/td><td>Marcar la visita que ha visionado nuestro anunci\u00f3n de seguir el blog en facebook<\/td><td>10 d\u00edas<\/td><\/tr><tr><td>ciberweb<\/td><td>sucurriculum.com<\/td><td>Marca la visita si le ha salido un pop-up de nuestro proyecto ciberweb, publicidad<\/td><td>10 d\u00edas<\/td><\/tr><tr><td>cookies<\/td><td>sucurriculum.com<\/td><td>Marca la visita si ha aceptado la pol\u00edtica de cookies<\/td><td>27 a\u00f1os<\/td><\/tr><tr><td>PHPSESSID<\/td><td>sucurriculum.com<\/td><td>Esta cookie es usado por el lenguaje de encriptado PHP para permitir que las variables de SESI\u00d3N sean guardadas en el servidor web. Esta cookies es esencial para el funcionamiento de la web.<\/td><td>Al finalizar sesi\u00f3n<\/td><\/tr><tr><td>_utmc<\/td><td>sucurriculum.com<\/td><td>Registra una nueva sesi\u00f3n<\/td><td>Al finalizar sesi\u00f3n<\/td><\/tr><tr><td>__utma<\/td><td>sucurriculum.com<\/td><td>Registra cuantas veces visita el sitio el usuario, tambi\u00e9n cuando fue la primera y la \u00faltima vez.<\/td><td>1 a\u00f1o<\/td><\/tr><tr><td>__utmz<\/td><td>sucurriculum.com<\/td><td>Registra el origen del usuarios y las keywords.<\/td><td>6 meses<\/td><\/tr><tr><td>__utmt<\/td><td>sucurriculum.com<\/td><td>Esta cookie se utiliza para procesar el tipo de solicitud requerida por el usuario.<\/td><td>1 d\u00eda<\/td><\/tr><tr><td>__utmb<\/td><td>sucurriculum.com<\/td><td>Registra el momento en el que se llega a la p\u00e1gina<\/td><td>1 d\u00eda<\/td><\/tr><tr><td>En todo caso y dado que la cantidad de cookies enviada puede variar en el desarrollo hemos creado un script que puede visitar para conocer la cookies instaladas en cada momento que puede&nbsp;<a href=\"https:\/\/www.sucurriculum.com\/jesus.php\" target=\"_blank\" rel=\"noreferrer noopener\">visitar aqu\u00ed<\/a>Indicar que algunas pueden ser cookies del propio servidor, cookies de terceros o cookies propias que marcan alg\u00fan tipo de acceso y en muchos casos totalmente necesarias para el uso correcto de la web<\/td><\/tr><\/tbody><\/table><\/figure>\n\n\n\n<p><strong>C\u00f3mo desactivar o eliminar Cookies<\/strong><br>El USUARIO podr\u00e1 configurar su navegador para que no se le instalen cookies o para recibir un aviso en pantalla cada vez que una cookie quiera instalarse, pudiendo decidir en cada momento si la quiere aceptar o no. Igualmente el usuario podr\u00e1 decidir posteriormente eliminar las cookies que tenga instaladas cambiando la configuraci\u00f3n de su navegador o elimin\u00e1ndolas manualmente a trav\u00e9s del mismo. Tenga en cuenta que la eliminaci\u00f3n de las cookies puede suponer una disminuci\u00f3n en la calidad o en las funcionalidades de la p\u00e1gina Web o incluso la imposibilidad de su uso.<br>Pulse sobre el nombre de su navegador para obtener mayor informaci\u00f3n sobre el mismo:<br><\/p>\n\n\n\n<ul class=\"wp-block-list\"><li><a rel=\"noreferrer noopener\" href=\"https:\/\/support.google.com\/chrome\/answer\/95647?hl=es\" target=\"_blank\">Google Chrome<\/a><\/li><li><a rel=\"noreferrer noopener\" href=\"https:\/\/support.apple.com\/es-es\/HT201265\" target=\"_blank\">Safari<\/a><\/li><li><a rel=\"noreferrer noopener\" href=\"https:\/\/support.mozilla.org\/es\/kb\/cookies-informacion-que-los-sitios-web-guardan-en-\" target=\"_blank\">Mozilla Firefox<\/a><\/li><li><a rel=\"noreferrer noopener\" href=\"https:\/\/support.microsoft.com\/es-es\/help\/17442\/windows-internet-explorer-delete-manage-cookies#ie=ie-10\" target=\"_blank\">Internet Explorer<\/a><\/li><\/ul>\n","protected":false},"excerpt":{"rendered":"<p>&iquest;Qu&eacute; son las&nbsp;cookies? Las cookies son peque&ntilde;os archivos que se instalan en el terminal del USUARIO al visitar un sitio web con la finalidad de almacenar datos que podr&aacute;n ser actualizados y recuperados por la entidad responsable de su instalaci&oacute;n.Si el USUARIO no se registra ni deja informaci&oacute;n personal en el sitio, el servidor tendr&aacute; [&hellip;]<\/p>\n","protected":false},"author":1,"featured_media":0,"parent":0,"menu_order":0,"comment_status":"closed","ping_status":"closed","template":"","meta":{"footnotes":""},"class_list":["post-38","page","type-page","status-publish","hentry"],"amp_enabled":true,"_links":{"self":[{"href":"https:\/\/sucurriculum.com\/noticias\/wp-json\/wp\/v2\/pages\/38","targetHints":{"allow":["GET"]}}],"collection":[{"href":"https:\/\/sucurriculum.com\/noticias\/wp-json\/wp\/v2\/pages"}],"about":[{"href":"https:\/\/sucurriculum.com\/noticias\/wp-json\/wp\/v2\/types\/page"}],"author":[{"embeddable":true,"href":"https:\/\/sucurriculum.com\/noticias\/wp-json\/wp\/v2\/users\/1"}],"replies":[{"embeddable":true,"href":"https:\/\/sucurriculum.com\/noticias\/wp-json\/wp\/v2\/comments?post=38"}],"version-history":[{"count":1,"href":"https:\/\/sucurriculum.com\/noticias\/wp-json\/wp\/v2\/pages\/38\/revisions"}],"predecessor-version":[{"id":39,"href":"https:\/\/sucurriculum.com\/noticias\/wp-json\/wp\/v2\/pages\/38\/revisions\/39"}],"wp:attachment":[{"href":"https:\/\/sucurriculum.com\/noticias\/wp-json\/wp\/v2\/media?parent=38"}],"curies":[{"name":"wp","href":"https:\/\/api.w.org\/{rel}","templated":true}]}}